{"id":8,"date":"2022-09-24T21:49:26","date_gmt":"2022-09-24T19:49:26","guid":{"rendered":""},"modified":"2022-10-22T10:17:20","modified_gmt":"2022-10-22T08:17:20","slug":"krzeszowicka-jaskinia","status":"publish","type":"page","link":"http:\/\/jaskinia-solna.pl\/","title":{"rendered":"KRZESZOWICKA JASKINIA SOLNA"},"content":{"rendered":"<div class=\"n2-section-smartslider fitvidsignore  n2_clear\" data-ssid=\"2\"><div id=\"n2-ss-2-align\" class=\"n2-ss-align\"><div class=\"n2-padding\"><div id=\"n2-ss-2\" data-creator=\"Smart Slider 3\" data-responsive=\"auto\" class=\"n2-ss-slider n2-ow n2-has-hover n2notransition  \"><div class=\"n2-ss-slider-wrapper-inside\">\n        <div class=\"n2-ss-slider-1 n2_ss__touch_element n2-ow\">\n            <div class=\"n2-ss-slider-2 n2-ow\">\n                                                <div class=\"n2-ss-slider-3 n2-ow\">\n\n                    <div class=\"n2-ss-slide-backgrounds n2-ow-all\"><div class=\"n2-ss-slide-background\" data-public-id=\"1\" data-mode=\"fill\"><div class=\"n2-ss-slide-background-image\" data-blur=\"0\" data-opacity=\"100\" data-x=\"47\" data-y=\"33\" data-alt=\"\" data-title=\"\" style=\"--ss-o-pos-x:47%;--ss-o-pos-y:33%\"><picture class=\"skip-lazy\" data-skip-lazy=\"1\"><img decoding=\"async\" src=\"\/\/jaskinia-solna.pl\/wp-content\/uploads\/2022\/09\/morze-martwe2.jpg\" alt=\"\" title=\"\" loading=\"lazy\" class=\"skip-lazy\" data-skip-lazy=\"1\"><\/picture><\/div><div data-color=\"RGBA(255,255,255,0)\" style=\"background-color: RGBA(255,255,255,0);\" class=\"n2-ss-slide-background-color\"><\/div><\/div><div class=\"n2-ss-slide-background\" data-public-id=\"2\" data-mode=\"fill\" aria-hidden=\"true\"><div class=\"n2-ss-slide-background-image\" data-blur=\"0\" data-opacity=\"89\" data-x=\"37\" data-y=\"53\" data-alt=\"\" data-title=\"\" style=\"opacity:0.89;--ss-o-pos-x:37%;--ss-o-pos-y:53%\"><picture class=\"skip-lazy\" data-skip-lazy=\"1\"><img decoding=\"async\" src=\"\/\/jaskinia-solna.pl\/wp-content\/uploads\/2022\/10\/Zdjecie-WhatsApp-2022-10-04-o-16.51.58.jpg\" alt=\"\" title=\"\" loading=\"lazy\" class=\"skip-lazy\" data-skip-lazy=\"1\"><\/picture><\/div><div data-color=\"RGBA(255,255,255,0)\" style=\"background-color: RGBA(255,255,255,0);\" class=\"n2-ss-slide-background-color\"><\/div><\/div><\/div>                    <div class=\"n2-ss-slider-4 n2-ow\">\n                        <svg xmlns=\"http:\/\/www.w3.org\/2000\/svg\" viewBox=\"0 0 800 300\" data-related-device=\"desktopPortrait\" class=\"n2-ow n2-ss-preserve-size n2-ss-preserve-size--slider n2-ss-slide-limiter\"><\/svg><div data-first=\"1\" data-slide-duration=\"0\" data-id=\"6\" data-slide-public-id=\"1\" data-title=\"morze-martwe2\" class=\"n2-ss-slide n2-ow  n2-ss-slide-6\"><div role=\"note\" class=\"n2-ss-slide--focus\" tabindex=\"-1\">morze-martwe2<\/div><div class=\"n2-ss-layers-container n2-ss-slide-limiter n2-ow\"><div class=\"n2-ss-layer n2-ow n-uc-1vVRTa1LEOHO\" data-sstype=\"slide\" data-pm=\"default\"><div class=\"n2-ss-layer n2-ow n-uc-1JgtbUrz4rqS\" data-pm=\"default\" data-sstype=\"content\" data-hasbackground=\"0\"><div class=\"n2-ss-section-main-content n2-ss-layer-with-background n2-ss-layer-content n2-ow n-uc-1JgtbUrz4rqS-inner\"><div class=\"n2-ss-layer n2-ow n-uc-GGpHA6UV9NTq\" data-pm=\"normal\" data-sstype=\"layer\"><div class=\"n2-ss-item-content n2-ss-text n2-ow-all\"><div class=\"\"><p class=\"n2-font-cfc5e1f99abcffbf1fb52b0fd001e656-paragraph   \">Nie musisz jecha\u0107 nad morze martwe aby nawdycha\u0107 si\u0119 soli, wystarczy przyjecha\u0107 do KRZESZOWIC!<\/p>\n<\/div><\/div><\/div><\/div><\/div><\/div><\/div><\/div><div data-slide-duration=\"0\" data-id=\"7\" data-slide-public-id=\"2\" aria-hidden=\"true\" data-title=\"Zdj\u0119cie WhatsApp 2022-10-04 o 16.51.58\" class=\"n2-ss-slide n2-ow  n2-ss-slide-7\"><div role=\"note\" class=\"n2-ss-slide--focus\" tabindex=\"-1\">Zdj\u0119cie WhatsApp 2022-10-04 o 16.51.58<\/div><div class=\"n2-ss-layers-container n2-ss-slide-limiter n2-ow\"><div class=\"n2-ss-layer n2-ow n-uc-kRf458mi1ahw\" data-sstype=\"slide\" data-pm=\"default\"><div class=\"n2-ss-layer n2-ow n-uc-Vdbtfpp80ndu\" data-pm=\"default\" data-sstype=\"content\" data-hasbackground=\"0\"><div class=\"n2-ss-section-main-content n2-ss-layer-with-background n2-ss-layer-content n2-ow n-uc-Vdbtfpp80ndu-inner\"><div class=\"n2-ss-layer n2-ow n-uc-lhHOqDlg0W0e\" data-pm=\"absolute\" data-responsiveposition=\"1\" data-desktopportraitleft=\"0\" data-desktopportraittop=\"91\" data-responsivesize=\"1\" data-desktopportraitwidth=\"760.007\" data-desktopportraitheight=\"auto\" data-desktopportraitalign=\"center\" data-desktopportraitvalign=\"middle\" data-parentid=\"\" data-desktopportraitparentalign=\"center\" data-desktopportraitparentvalign=\"middle\" data-sstype=\"layer\"><div class=\"n2-ss-item-content n2-ss-text n2-ow-all\"><div class=\"\"><p class=\"n2-font-d5a31db7b8fbd9f407d00271c7174a25-paragraph  n2-style-f8293b450b12ef15d5c4ff97a617a3e3-heading  \">Przyjd\u017a, usi\u0105d\u017a, zrelaksuj si\u0119 i odpocznij.<br \/>\nTwoje zdrowie na to czeka<\/p>\n<\/div><\/div><\/div><\/div><\/div><\/div><\/div><\/div>                    <\/div>\n\n                                    <\/div>\n            <\/div>\n        <\/div>\n        <div class=\"n2-ss-slider-controls n2-ss-slider-controls-absolute-left-center\"><div style=\"--widget-offset:15px;\" class=\"n2-ss-widget nextend-arrow n2-ow-all nextend-arrow-previous  nextend-arrow-animated-fade\" data-hide-mobileportrait=\"1\" id=\"n2-ss-2-arrow-previous\" role=\"button\" aria-label=\"previous arrow\" tabindex=\"0\"><img loading=\"lazy\" decoding=\"async\" width=\"32\" height=\"32\" class=\"skip-lazy\" data-skip-lazy=\"1\" src=\"data:image\/svg+xml;base64,PHN2ZyB3aWR0aD0iMzIiIGhlaWdodD0iMzIiIHZpZXdCb3g9IjAgMCAzMiAzMiIgeG1sbnM9Imh0dHA6Ly93d3cudzMub3JnLzIwMDAvc3ZnIj4KICAgIDxwYXRoIGQ9Ik0xMS40MzMgMTUuOTkyTDIyLjY5IDUuNzEyYy4zOTMtLjM5LjM5My0xLjAzIDAtMS40Mi0uMzkzLS4zOS0xLjAzLS4zOS0xLjQyMyAwbC0xMS45OCAxMC45NGMtLjIxLjIxLS4zLjQ5LS4yODUuNzYtLjAxNS4yOC4wNzUuNTYuMjg0Ljc3bDExLjk4IDEwLjk0Yy4zOTMuMzkgMS4wMy4zOSAxLjQyNCAwIC4zOTMtLjQuMzkzLTEuMDMgMC0xLjQybC0xMS4yNTctMTAuMjkiCiAgICAgICAgICBmaWxsPSIjZmZmZmZmIiBvcGFjaXR5PSIwLjgiIGZpbGwtcnVsZT0iZXZlbm9kZCIvPgo8L3N2Zz4=\" alt=\"previous arrow\"><\/div><\/div><div class=\"n2-ss-slider-controls n2-ss-slider-controls-absolute-right-center\"><div style=\"--widget-offset:15px;\" class=\"n2-ss-widget nextend-arrow n2-ow-all nextend-arrow-next  nextend-arrow-animated-fade\" data-hide-mobileportrait=\"1\" id=\"n2-ss-2-arrow-next\" role=\"button\" aria-label=\"next arrow\" tabindex=\"0\"><img loading=\"lazy\" decoding=\"async\" width=\"32\" height=\"32\" class=\"skip-lazy\" data-skip-lazy=\"1\" src=\"data:image\/svg+xml;base64,PHN2ZyB3aWR0aD0iMzIiIGhlaWdodD0iMzIiIHZpZXdCb3g9IjAgMCAzMiAzMiIgeG1sbnM9Imh0dHA6Ly93d3cudzMub3JnLzIwMDAvc3ZnIj4KICAgIDxwYXRoIGQ9Ik0xMC43MjIgNC4yOTNjLS4zOTQtLjM5LTEuMDMyLS4zOS0xLjQyNyAwLS4zOTMuMzktLjM5MyAxLjAzIDAgMS40MmwxMS4yODMgMTAuMjgtMTEuMjgzIDEwLjI5Yy0uMzkzLjM5LS4zOTMgMS4wMiAwIDEuNDIuMzk1LjM5IDEuMDMzLjM5IDEuNDI3IDBsMTIuMDA3LTEwLjk0Yy4yMS0uMjEuMy0uNDkuMjg0LS43Ny4wMTQtLjI3LS4wNzYtLjU1LS4yODYtLjc2TDEwLjcyIDQuMjkzeiIKICAgICAgICAgIGZpbGw9IiNmZmZmZmYiIG9wYWNpdHk9IjAuOCIgZmlsbC1ydWxlPSJldmVub2RkIi8+Cjwvc3ZnPg==\" alt=\"next arrow\"><\/div><\/div><\/div><\/div><ss3-loader><\/ss3-loader><\/div><\/div><div class=\"n2_clear\"><\/div><\/div>\n\n\n<p><strong>Jaskinia Solna jest najnowsz\u0105 oryginaln\u0105 metod\u0105 zastosowania soli morskiej w celach leczniczych i rekreacyjnych, wed\u0142ug opatentowanej technologii. Naturalna s\u00f3l morska z Morza Martwego, Czarnego i Czerwonego wykorzystana w Jaskini zawiera wszystkie mikroelementy niezb\u0119dne do stworzenia unikalnego mikroklimatu morskiego, kt\u00f3ry korzystnie wp\u0142ywa na nasze samopoczucie i dzia\u0142a relaksuj\u0105co.<\/strong><\/p>\n\n\n\n<p>Czyste zjonizowane powietrze w Jaskini Solnej pozwala polepszy\u0107 kondycj\u0119 zdrowotn\u0105 i dzia\u0142a wspomagaj\u0105co przy leczeniu:<\/p>\n\n\n<div class=\"wp-block-image\">\n<figure class=\"alignright size-large is-resized\"><img loading=\"lazy\" decoding=\"async\" src=\"http:\/\/jaskinia-solna.pl\/wp-content\/uploads\/2022\/10\/jaskinia-576x1024.jpeg\" alt=\"\" class=\"wp-image-63\" width=\"240\" height=\"427\" srcset=\"http:\/\/jaskinia-solna.pl\/wp-content\/uploads\/2022\/10\/jaskinia-576x1024.jpeg 576w, http:\/\/jaskinia-solna.pl\/wp-content\/uploads\/2022\/10\/jaskinia-169x300.jpeg 169w, http:\/\/jaskinia-solna.pl\/wp-content\/uploads\/2022\/10\/jaskinia-768x1365.jpeg 768w, http:\/\/jaskinia-solna.pl\/wp-content\/uploads\/2022\/10\/jaskinia-864x1536.jpeg 864w, http:\/\/jaskinia-solna.pl\/wp-content\/uploads\/2022\/10\/jaskinia.jpeg 1125w\" sizes=\"auto, (max-width: 240px) 100vw, 240px\" \/><\/figure>\n<\/div>\n\n\n<ul class=\"wp-block-list\"><li>Chor\u00f3b dr\u00f3g oddechowych: nosa, gard\u0142a, krtani, zatok, astmy oskrzelowej, przewlek\u0142ego zapalenia oskrzeli i p\u0142uc, pylicy p\u0142uc, rozstrzenia oskrzeli.<\/li><li>Niedoczynno\u015bci tarczycy.<\/li><li>Schorze\u0144 sercowo \u2013 naczyniowych: niewydolno\u015bci kr\u0105\u017cenia, stan\u00f3w pozawa\u0142owych, nadci\u015bnienia<\/li><li>Schorze\u0144 przewodu pokarmowego, np.: choroby wrzodowej \u017co\u0142\u0105dka i dwunastnicy, nie\u017cyt\u00f3w \u017co\u0142\u0105dka, nietypowych zapale\u0144 jelita grubego i choroby Crohn\u2019a.<\/li><li>Schorze\u0144 dermatologicznych: \u0142uszczycy, zapalenia sk\u00f3ry, alergii i innych.<\/li><li>Dysfunkcji wegetatywnego uk\u0142adu nerwowego.<\/li><li>Nerwic, stan\u00f3w przem\u0119czenia, spadku odporno\u015bci na stres.<\/li><li>Pomaga na b\u00f3le reumatyczne, przyspiesza proces spalania t\u0142uszczu, zapobiega zmarszczkom, op\u00f3\u017ania proces starzenia.<\/li><\/ul>\n\n\n\n<h4 class=\"wp-block-heading\"><strong>Poprawa zdrowia jest zauwa\u017calna ju\u017c po 4 \u2013 5 zabiegach!<\/strong><\/h4>\n\n\n\n<p>Jaskinia Solna znajduje si\u0119 przy Poradni pulmonologicznej.<\/p>\n\n\n\n<p><strong>Przeciwwskazania:<\/strong>&nbsp;Ostre stany zapalne g\u00f3rnych i dolnych dr\u00f3g oddechowych, choroby nowotworowe, alergie na jod.<\/p>\n\n\n\n\n\n\n","protected":false},"excerpt":{"rendered":"<p>Jaskinia Solna jest najnowsz\u0105 oryginaln\u0105 metod\u0105 zastosowania soli morskiej w celach leczniczych i rekreacyjnych, wed\u0142ug opatentowanej technologii. Naturalna s\u00f3l morska z Morza Martwego, Czarnego i&hellip;<\/p>\n","protected":false},"author":2,"featured_media":0,"parent":0,"menu_order":0,"comment_status":"closed","ping_status":"open","template":"","meta":{"footnotes":""},"class_list":["post-8","page","type-page","status-publish","hentry"],"_links":{"self":[{"href":"http:\/\/jaskinia-solna.pl\/index.php\/wp-json\/wp\/v2\/pages\/8","targetHints":{"allow":["GET"]}}],"collection":[{"href":"http:\/\/jaskinia-solna.pl\/index.php\/wp-json\/wp\/v2\/pages"}],"about":[{"href":"http:\/\/jaskinia-solna.pl\/index.php\/wp-json\/wp\/v2\/types\/page"}],"author":[{"embeddable":true,"href":"http:\/\/jaskinia-solna.pl\/index.php\/wp-json\/wp\/v2\/users\/2"}],"replies":[{"embeddable":true,"href":"http:\/\/jaskinia-solna.pl\/index.php\/wp-json\/wp\/v2\/comments?post=8"}],"version-history":[{"count":14,"href":"http:\/\/jaskinia-solna.pl\/index.php\/wp-json\/wp\/v2\/pages\/8\/revisions"}],"predecessor-version":[{"id":69,"href":"http:\/\/jaskinia-solna.pl\/index.php\/wp-json\/wp\/v2\/pages\/8\/revisions\/69"}],"wp:attachment":[{"href":"http:\/\/jaskinia-solna.pl\/index.php\/wp-json\/wp\/v2\/media?parent=8"}],"curies":[{"name":"wp","href":"https:\/\/api.w.org\/{rel}","templated":true}]}}